ive of v**3/3 - 7*v**2/2 + 4*v - 61. Let o(q) = q**2 - 12*q + 5. Let z be o(12). Determine f(z).
-6
Let z(a) be the second derivative of a**4/12 + a**3/2 + a**2/2 - 59*a + 1. Calculate z(-1).
-1
Let t(y) be the second derivative of -2 - 5/2*y**2 + 27*y - 1/6*y**3. What is t(-5)?
0
Let c(a) = -5*a - 4396 + a + 4403. Let i be 4*(3 - 2) - 9. Determine c(i).
27
Let k(z) = -3*z**3 - 3*z**2 + 2*z + 2. Let j be k(2). Let g = 26 + j. Let h(b) = -4*b - 6. Determine h(g).
10
Let x(y) = 2*y**2 + y + 6*y - y**2 - 4 - 3*y + 9*y**3. Let u(p) = p**3 + p - 1. Let i(o) = 4*u(o) - x(o). Give i(-1).
4
Suppose 2*r - 4 = r. Suppose 0 = -4*w, 0*w + 2*w + 8 = r*i. Let u(l) = 3 + 4*l**i - 6*l - 3*l**2 - 3*l + 6. Calculate u(6).
-9
Let v(j) = -j**2 - 4*j + 8. Let x(o) = 2*o**2 + 2*o - 3. Let r be x(-4). Suppose 5*b = -9 - r. Give v(b).
-4
Let h(n) = -11*n**3 + 5*n + 1. Let s(k) = -30*k**3 + k**2 + 14*k + 2. Let i(d) = 8*h(d) - 3*s(d). Give i(3).
23
Let c(q) be the first derivative of -q**3/3 + 3*q**2 - 6*q + 2. Let m be 5*(5 - (3 + 1)). Suppose 2*u = 5*z + 10, m*u = 3*z + 9 + 16. What is c(u)?
-1
Let f(y) = 2*y - 3. Let z = 293 + -287. Calculate f(z).
9
Let u be (5 - 8)*(1 + (-6)/9). Let k(j) be the third derivative of -j**5/20 - j**3/6 - j**2. What is k(u)?
-4
Let o be ((-4)/(-6))/((-6)/(-81)). Let w be (12/10)/(3/15). Suppose 5*q = k - 25, 3*q + w = 4*k - o. Let f(i) = -i**2 - 6*i - 5. What is f(q)?
0
Let a(h) = h**2 - 5. Let z be (-148)/(-18) + 4/(-18). Let l be (2/8)/(1/z). Let t = l + -2. Give a(t).
-5
Let d(z) = 3*z**2 + 9*z + 1. Suppose 19 = 26*j + 97. Give d(j).
1
Suppose -2*g = 6, -23*g = 3*f - 26*g - 30. Let q(w) = w**2 - 10*w + 7. Calculate q(f).
-14
Let y(p) = -p**3 - 4*p**2 + 3*p - 3. Let k(d) be the second derivative of -d**3/6 + 11*d**2/2 + 6*d - 1. Let r = 34 - 19. Let j be k(r). Calculate y(j).
-15
Let m(p) = -p**2 - p + 10. Let z be m(3). Let w(r) = -3 - 19*r - 10 - 9*r. Let h(u) = -9*u - 4. Let b(g) = 7*h(g) - 2*w(g). Give b(z).
12
Suppose u + 0*u - 4 = 0. Let d be (-8)/(-2)*15/30. Let w(o) = -2 + 0*o**2 + u*o - o - 3*o**d. Determine w(2).
-8
Let c = -146 + 132. Let v(h) = h**2 + 14*h - 2. Determine v(c).
-2
Suppose -3*k + z = -2*k + 10, -4*z + 30 = -2*k. Let j(s) = 6*s + 11. Let n(w) = -6 + 2 - 6 - 5*w. Let o(t) = 3*j(t) + 4*n(t). Give o(k).
3
Let y(m) = -m - 1. Let l(k) = 5*k**2 + 10*k + 5. Let c(w) = -4*w**2 - 10*w - 4. Let d(n) = -4*c(n) - 3*l(n). Let r be d(-10). Suppose 3*t = -r - 11. Give y(t).
3
Let g(v) be the third derivative of -v**4/24 - v**3/6 - 13*v**2. Let l(b) = -b - 1. Let r(o) = 6*g(o) - 7*l(o). Calculate r(4).
5
Let b = 11 - 3. Suppose q = -2*n - 9, 3*n - 24 = q + b*n. Let k(r) = r**2 + r - 1. Give k(q).
1
Let y(z) = 2*z + 3 - 116*z**2 + z**3 - 145*z**2 + 266*z**2. What is y(-4)?
11
Let r be 2 - 0 - (-3)/(-1). Let n(q) = 26*q**2 + 19*q**2 - 3 + q - 66*q**2 + 31*q**2 + 4. Determine n(r).
10
Let k(a) = 4*a**2 + 8*a - 7. Let w(u) = -3*u**2 - 8*u + 6. Let p(m) = 4*k(m) + 5*w(m). Let v be p(8). Let n(z) = -4 + 2*z**2 + 9*z - 3*z**v - z. Calculate n(6).
8
Suppose 0 = 56*o - 61*o - 25. Let r(x) = x**2 + 6*x - 4. What is r(o)?
-9
Let n(b) = -b - 4. Let i = 2 - 0. Let p be i + (2 - -1 - 2). Suppose 0*y = -p*y + 3*v - 24, -v = 3*y + 4. Give n(y).
-1
Let a(v) be the second derivative of -v**4/12 + 4*v**3/3 - 5*v**2/2 + v. Let l be (-12 - -5)/((31 - 30)/(1*-1)). Determine a(l).
2
Suppose -10 = -3*r - 2*r. Let a(w) = -5*w + w - r*w**3 - 7*w**2 + w**3. Suppose -12*k - 6 = -11*k. Give a(k).
-12
Let d(x) = -4*x**2 + 5*x - 405*x**3 + 810*x**3 + 4 - 406*x**3. Determine d(-5).
4
Let u(r) = -r**3 - r**2 - r + 5. Let o be (2/1)/10 + 7/(-35). Calculate u(o).
5
Suppose 12*r - 18 = 3*r. Let x(a) = 4*a**3 + 11*a**2 + 3*a + 15. Let m(k) = 2*k**3 + 5*k**2 + k + 7. Let n(w) = 9*m(w) - 4*x(w). What is n(r)?
17
Let z(x) = -5*x + x - 7 + 2*x. What is z(-10)?
13
Suppose -6*m + 3*h - 35 - 4 = 0, -5*h - 13 = 3*m. Let b(d) = 2*d**2 + 10*d + 7. Determine b(m).
19
Let v(o) be the first derivative of o**4/4 - 7*o**3/3 - 3*o**2/2 - 5*o - 471. What is v(8)?
35
Suppose 13 = 2*g - 3*v, -3*v + 8 = 2*g + 1. Let t(w) = 8*w. Give t(g).
40
Let t(u) = 7*u - 1. Let h(f) = -36*f + 5. Suppose 0 = 4*y + 2*x - 2, -4*x = -y - 2*y + 18. Let n(l) = y*h(l) + 11*t(l). Give n(-2).
-11
Let c(u) = 714 + 5*u - 374 - 355 - 11*u. Give c(-4).
9
Let q(s) be the first derivative of -s**4/4 + 7*s + 144. Determine q(0).
7
Let h(y) = y - 9. Let a be h(12). Suppose 0 = a*o, -3*p - 2*o + o = -3. Let l be p/(-1)*(-4 + 3). Let g(x) = 9*x**2 + x - 1. What is g(l)?
9
Let v(m) = -m**3 + 3*m**2 + m - 1. Let a be v(3). Let k(y) = 4*y**2 - y + 1. Give k(a).
15
Let d(l) = l**2 + 14*l. Let r be (8/10)/(19 + 2674/(-140)). Determine d(r).
-48
Suppose -u - 7 = -2, -4*n + 2*u + 34 = 0. Let k be 4/3 - ((-5)/3 - -1). Let p(m) = 23*m**2 + 8*m - 7 - 24*m**k - 2. Give p(n).
3
Let u(v) = 7 - 6*v - v**2 - 2 - 7. Let m(q) = q + 14. Let t be m(-13). Suppose w + t = s + 11, -2*s = 2*w. Give u(s).
3
Let o(l) = 8 + 8*l - 2*l - 2 - 4 + 2. Let m(w) = w - 1. Let g be m(-2). What is o(g)?
-14
Let q(h) = 10*h**2 - 20*h + 13. Let p(j) = 7*j**2 - 13*j + 9. Let a(n) = 7*p(n) - 5*q(n). Determine a(8).
6
Let m(v) = -10*v - 3. Suppose -4*u - 8 = 0, 195 = -4*l + 4*u + 227. Determine m(l).
-63
Let s(j) be the first derivative of -j**3/3 - 3*j**2/2 + 3*j + 38. Let c = 2 + -6. Calculate s(c).
-1
Let c(m) = -2*m + 797*m**2 - 3*m + 4 - 402*m**2 - 396*m**2 - 13. Determine c(-6).
-15
Suppose -3*l + 4 = -2*l. Let a(k) = -2*k**2 - 2*k**2 + k**3 + 3*k**2 + 3*k**2 + l. Suppose -3*i - 13 = -4. What is a(i)?
-5
Let m(l) = 2*l. Let z be m(1). Let n(s) = 2 - 4 - s**3 + 2 - z. What is n(-2)?
6
Let r(x) be the first derivative of x**2 - 18. Suppose 5*q + 2*u + 11 = 24, 4*q + 16 = 5*u. Give r(q).
2
Let v(m) = 4*m + 5. Suppose -6*i - 30 = -0*i. Let y(d) = 4*d + 6. Let c(o) = i*v(o) + 4*y(o). Calculate c(-1).
3
Let f(u) be the second derivative of -7*u**3/6 + 2*u**2 - 291*u + 2. Calculate f(5).
-31
Let f = 23 + -13. Suppose -3*w + 8*w - f = 0. Let q(p) = p**3 - 2*p**2. Determine q(w).
0
Let w(z) be the first derivative of -3*z**2/2 + 1. Let a = -3096 - -3098. Calculate w(a).
-6
Let t(x) = 8*x - 3. Let r be (2*(-9)/(-12))/((-1)/2). Give t(r).
-27
Let r(w) = 8*w + 66. Let d(h) = h + 10. Let l(p) = 6*d(p) - r(p). Determine l(2).
-10
Let a(u) = -u + 5. Let h be a(6). Let y(g) = 1 + 40*g**2 + 5*g - 19*g**2 - 3*g - 8*g**2. Determine y(h).
12
Let l(k) = 3*k + 1. Let p(f) = -f**2 - 18*f - 1. Let g be p(-20). Let q = g - -39. Calculate l(q).
-5
Let h(r) be the third derivative of -7*r**4/24 - r**3 - r**2. Let n(i) = -8*i - 7. Let t(b) = -5*h(b) + 4*n(b). Let p = -1 + -2. Calculate t(p).
-7
Let w(c) = c**2 - c + 1. Let f(q) = q**3 - 3*q**2 + 4*q - 2. Let v(x) = f(x) - 4*w(x). Suppose -564*o + 15 = -561*o. Determine v(o).
-16
Let i(b) = -b**3 - 7*b**2 - 4*b - 8. Suppose 60*j + 522 = 162. Calculate i(j).
-20
Let t(a) = -3*a - 32. Let s be t(-14). Let r(m) = -m**2 + 10*m - 7. What is r(s)?
-7
Let y = 5 - 4. Let o(d) = d**3 - 2*d**2 - 2*d + 2. Let u be o(3). Let j = u - y. Let i(l) = -l**3 + 5*l**2 - 5*l + 2. Calculate i(j).
-2
Let u = 342 + -341. Let g(k) = 2*k**2 + k - 1. Calculate g(u).
2
Let f be ((-182)/(-39) - 6) + 2 + (-13)/(-3). Let s(n) = -n + 1 - 1 - n**2 + 1. Let o(q) = -3*q**2 + 5*q - 4. Let r(c) = o(c) - 2*s(c). Calculate r(f).
4
Suppose -5 - 20 = 5*y, 5*y + 3 = -2*n. Suppose 2*s + 3*u = -24, 0 = 2*s + u + 9 + n. Let j(p) = p + 11. What is j(s)?
2
Let p(b) = 2*b**3 - b**2 + 2*b. Let s(x) = x**2 - 15*x - 45. Let d be s(18). Suppose d*k - 34 = -8*k. Calculate p(k).
16
Let g(z) = -z + 1. Let n be ((-1)/(-8))/(8*16/2048). Calculate g(n).
-1
Let h(p) = -p - 22. Let t(g) = -8*g + 57. Let b be t(9). Determine h(b).
-7
Let j(n) = n + 2. Let b be j(0). Suppose 0*o + o = -5*v - 3, 0 = 3*v + 4*o + 12. Suppose -u + v - b = 0. Let h(s) = s**2 - s - 1. Calculate h(u).
5
Let h(k) = -12*k + 5. Let m(g) = -15*g + 5. Let i(o) = -3*h(o) + 2*m(o). Give i(2).
7
Let c(y) = y**2 + 4*y + 1. Let k(b) = b - 14. Let w be k(5). Let i = 5 + w. Let x(n) = -n**2 - 4*n - 1. Let r(l) = i*c(l) - 5*x(l). Determine r(-3).
-2
Suppose f - 4*f + m - 32 = 0, 4*f = -m - 31. Let l = f - -11. Let r(j) = 2 - l*j - 4*j + j + j**2. Give r(6).
8
Let h(w) = 18*w - 5*w + 2 + 0*w + 26*w**2 - 27*w**2. Gi